).
-13
Let g(j) = 3*j**2 - 2*j - 1. Determine g(3).
20
Let c(r) = -r**2 + 7*r + 1. Determine c(8).
-7
Let v(y) = y**3 + 45*y**2 + 46*y + 90. Calculate v(-44).
2
Let x(a) = -a**2 + 16*a - 11. Calculate x(11).
44
Let h(x) = -17*x - 2. Give h(1).
-19
Let x(y) = -y**2 - 8*y + 13. Give x(4).
-35
Let d(o) = o - 11. Determine d(-6).
-17
Let f(m) = -m**3 - 24*m**2 - 42*m + 44. What is f(-22)?
0
Let u(h) = 8*h - 42. Give u(6).
6
Let u(r) = -33*r**3 - r**2. What is u(1)?
-34
Let h(w) = w**3 + 6*w**2 - 2*w - 19. Calculate h(-6).
-7
Let z(u) = 2*u**3 + 2*u**2 - 2*u + 3. Give z(3).
69
Let f(h) = 8*h + 71. What is f(-10)?
-9
Let n(i) = -2*i**2 + 5*i - 18. Calculate n(3).
-21
Let v(l) = -l**2 - 31*l - 37. Determine v(-30).
-7
Let c(u) = 13*u + 376. Calculate c(-32).
-40
Let d(a) = -a**3 - 4*a**2 - a + 18. Give d(-3).
12
Let m(p) = p**3 - 16*p**2 + 2*p - 11. What is m(16)?
21
Let r(g) = -g**2 - g + 28. Give r(0).
28
Let b(z) = -z**3 + 21*z**2 - 19*z - 7. Give b(20).
13
Let y(o) = -2*o**3 + 17*o**2 + 24*o + 9. What is y(10)?
-51
Let k(x) = -x**3 + 11*x**2 + 14*x - 29. Calculate k(12).
-5
Let b(t) = 5*t + 64. What is b(-12)?
4
Let z(c) = -13*c**2 - 27*c - 5. Calculate z(-2).
-3
Let q(h) = 17*h - 27. Determine q(6).
75
Let q(l) = -l**2 + l - 1. Determine q(5).
-21
Let q(m) = m**3 - m**2 + 3*m + 3. Give q(-1).
-2
Let z(v) = -v**3 - 7*v**2 - 20. Give z(-8).
44
Let o(b) = -b**3 + 13*b**2 + 13*b + 17. Calculate o(14).
3
Let a(y) = -y**2 - 13*y. Determine a(-13).
0
Let a(s) = 25*s + 1. Give a(5).
126
Let t(f) = -2*f**3 + 2*f**2 + 2*f - 1. Give t(-3).
65
Let b(z) = z - 16. Give b(26).
10
Let j(l) = -42*l - 325. Determine j(-8).
11
Let p(o) = 5*o - 42. Give p(10).
8
Let v(f) = 95*f**2 + f + 3. What is v(-1)?
97
Let s(n) = -4*n - 35. Calculate s(-12).
13
Let f(a) = 8*a - 3. What is f(4)?
29
Let t(z) = z**3 - 7*z**2 + 6*z - 2. What is t(4)?
-26
Let x(n) = 12*n - 12. Determine x(4).
36
Let p(h) = -h**2 + 18*h - 13. Calculate p(17).
4
Let i(t) = t**3 - t**2 + 3*t - 4. Calculate i(2).
6
Let n(p) = -p**3 - 6*p**2 - 3*p - 6. Determine n(-4).
-26
Let o(l) = -2*l - 1. Calculate o(-4).
7
Let b(n) = -n**3 - 22*n**2 + 25*n + 48. What is b(-23)?
2
Let k(s) = -2*s**2 + 18*s - 18. What is k(8)?
-2
Let k(i) = 15*i + 30. Give k(-8).
-90
Let t(f) = -f**3 - 2*f**2 + f + 17. What is t(-3)?
23
Let x(o) = o**2 + 7*o - 1. Determine x(-5).
-11
Let o(u) = -u**3 - 15*u**2 - 2*u - 17. What is o(-15)?
13
Let d(m) = -6*m + 301. Give d(53).
-17
Let f(m) = -13*m - 5. Give f(6).
-83
Let o(h) = -84*h - 2. Give o(-1).
82
Let i(n) = 2*n - 4. What is i(6)?
8
Let s(n) = -5*n**3 - 3*n**2 + 4*n - 1. What is s(1)?
-5
Let s(m) = m**2 + 10*m + 10. Determine s(-7).
-11
Let t(v) = -46*v - 323. Give t(-7).
-1
Let n(o) = o + 7. Determine n(6).
13
Let w(x) = x**2 - 7*x + 5. Determine w(7).
5
Let k(c) = -2*c**3 + 10*c - 17. Calculate k(2).
-13
Let c(l) = l**2 - 28*l + 101. Determine c(24).
5
Let s(j) = 20*j + 39. Calculate s(-9).
-141
Let b(x) = -23*x - 64. What is b(-3)?
5
Let z(g) = 3*g**2 - 27*g + 13. What is z(8)?
-11
Let c(i) = i**3 + 2*i**2 - 54*i - 38. What is c(-8)?
10
Let m(g) = g**3 - 15*g**2 + 3*g - 2. Give m(15).
43
Let f(l) = 15*l + 23. What is f(-2)?
-7
Let l(x) = -x**3 + 9*x**2 - 6*x - 3. Calculate l(8).
13
Let z(o) = o**2 + 23*o + 15. Give z(-22).
-7
Let c(s) = 8*s + 165. Determine c(-20).
5
Let p(m) = 3*m**3 + 6*m. What is p(-3)?
-99
Let c(t) = t**3 + 5*t**2 + 7*t + 12. Give c(-3).
9
Let i(x) = x**2 + 3*x - 8. Determine i(-6).
10
Let b(o) = -o**2 + 16*o - 20. Give b(14).
8
Let a(j) = -j**3 + 26*j**2 - 21*j - 112. Determine a(25).
-12
Let t(y) = -2*y**2 + 12. Give t(0).
12
Let x(a) = 9*a + 272. What is x(-30)?
2
Let c(h) = h**2 + 3*h. Calculate c(4).
28
Let t(l) = -l**2 - 9*l + 2. Calculate t(-9).
2
Let c(a) = -3*a - 5. Determine c(-5).
10
Let n(q) = 14*q + 816. What is n(-58)?
4
Let r(h) = h**3 - 5*h**2 - 6*h + 7. Determine r(6).
7
Let i(w) = -w**3 + 6*w**2 + 2*w + 21. Calculate i(7).
-14
Let f(t) = -t**3 - 23*t**2 + 36*t + 284. Give f(-24).
-4
Let b(y) = -y**3 - 3*y**2 + 2. Determine b(-2).
-2
Let w(h) = -h**3 + 6*h**2 - 6*h + 5. What is w(5)?
0
Let k(v) = 5*v. Calculate k(2).
10
Let m(s) = s**2 - 18*s + 32. Determine m(16).
0
Let h(c) = -23*c**3 + c**2 - 7*c + 7. Determine h(1).
-22
Let b(t) = t**2 - 5*t - 20. Give b(8).
4
Let o(u) = -11*u**3 + 4*u**2 - u - 2. Calculate o(2).
-76
Let y(z) = z**3 + 7*z**2 - 3*z - 1. Give y(-7).
20
Let a(d) = 5*d**2 + 7*d + 6. Give a(-5).
96
Let v(z) = z + 2. Determine v(6).
8
Let j(l) = -l**2 + 10*l - 3. Give j(11).
-14
Let i(m) = 72*m - 567. What is i(8)?
9
Let d(q) = q - 1. Calculate d(1).
0
Let v(k) = 53*k**3 + k. Give v(-1).
-54
Let q(m) = 34*m**2 - 3*m + 4. Determine q(2).
134
Let k(d) = -d**3 - 15*d**2 + 12*d - 28. Determine k(-16).
36
Let z(x) = x**2 + 17*x + 68. Calculate z(-5).
8
Let z(d) = -d**2 - 19*d + 24. Give z(-20).
4
Let a(u) = 3*u**2 - 7*u - 8. Calculate a(-1).
2
Let y(f) = -f**2 + 7*f + 2. Calculate y(7).
2
Let w(p) = 3*p + 30. What is w(-13)?
-9
Let v(n) = n - 41. Calculate v(0).
-41
Let o(g) = -5*g**2 + 4*g + 2. Determine o(-1).
-7
Let u(f) = f**2 - 6. Determine u(-6).
30
Let h(p) = -8*p + 4. Calculate h(0).
4
Let p(k) = -k**3 - 4*k**2 + 7*k + 3. Calculate p(-5).
-7
Let j(z) = -3*z + 12. Give j(-15).
57
Let r(p) = -2*p**2 - 13*p + 1. Calculate r(-6).
7
Let f(n) = -2*n**3 + 82*n**2 + n - 43. What is f(41)?
-2
Let a(j) = -j**3 - 4*j**2 + 10*j + 20. Determine a(-5).
-5
Let p(q) = q**3 + 7*q**2 + 9*q + 2. Calculate p(-5).
7
Let q(o) = -o**2 + 3*o + 24. Calculate q(7).
-4
Let f(w) = -3*w + 22. Give f(11).
-11
Let q(z) = 35*z + 102. Give q(-3).
-3
Let o(b) = 20*b + 3. Determine o(-2).
-37
Let l(b) = b + 3. Determine l(24).
27
Let w(h) = h**3 - 29*h**2 + 15. Calculate w(29).
15
Let h(g) = -7*g**2 - 161*g. What is h(-23)?
0
Let w(b) = b**3 - 15*b**2 - b + 20. Calculate w(15).
5
Let u(x) = 10*x + 197. Determine u(-21).
-13
Let k(n) = -4*n**3 + 3*n**2 - 5*n - 7. Give k(-1).
5
Let s(l) = -4*l + 11. Give s(5).
-9
Let r(z) = 4*z**3 - 2*z**2 - 5*z - 2. Give r(2).
12
Let g(l) = -8*l + 8. Give g(-6).
56
Let y(c) = -3*c**2 + 11*c + 5. What is y(4)?
1
Let k(h) = h**3 - 3*h**2 - 8*h + 9. Determine k(4).
-7
Let m(k) = -3*k**3 - 13*k**2 - 12*k - 24. What is m(-4)?
8
Let a(g) = g**2 + 3*g - 42. Determine a(5).
-2
Let o(z) = -9*z - 18. Determine o(-3).
9
Let r(n) = -n**3 - 12*n**2 + 13*n - 15. Determine r(-13).
-15
Let o(l) = -l**2 - 9*l - 3. Give o(-8).
5
Let j(a) = 3*a - 28. Determine j(4).
-16
Let f(i) = -5*i - 1. Determine f(-4).
19
Let s(f) = -f**3 - 13*f**2 + 27*f + 187. Determine s(-14).
5
Let r(h) = h**3 - 7*h**2 - h - 58. What is r(8)?
-2
Let k(u) = -u**3 - 4*u**2 - 6*u - 1. Determine k(-3).
8
Let c(k) = -2*k**3 - 52*k**2 - 3*k + 26. Calculate c(-26).
104
Let d(q) = q**3 - 9*q**2 - 11*q + 20. Determine d(10).
10
Let o(n) = -39*n + 989. What is o(25)?
14
Let s(b) = b**2 - 8*b + 2. What is s(3)?
-13
Let x(m) = -m + 15. Give x(10).
5
Let j(t) = -23*t - 1. What is j(-1)?
22
Let s(p) = -2*p - 28. What is s(-1)?
-26
Let u(p) = -p**3 + 7*p**2 - 11*p + 2. Give u(4).
6
Let m(b) = 16*b - 511. Give m(32).
1
Let y(a) = -a**3 - 7*a**2 - 4*a - 25. What is y(-7)?
3
Let f(o) = -o**2 - 5. Give f(0).
-5
Let o(z) = 10*z + 78. Calculate o(-7).
8
Let j(i) = -i**2 + 2*i - 12. Calculate j(5).
-27
Let y(g) = -g**3 - 4*g**2 - 2*g - 5. Calculate y(-3).
-8
Let h(j) = j**2 - 3*j + 38. Give h(0).
38
Let k(t) = -t - 5. Determine k(6).
-11
Let t(s) = -3*s - 42. Determine t(-13).
-3
Let m(y) = -15*y + 2. Calculate m(-1).
17
Let u(c) = -c**2 - 8*c - 14. Determine u(-5).
1
Let a(s) = -2*s**3 + 9*s**2 - 7*s + 11. Calculate a(5).
-49
Let o(m) = -m**2 + 2*m + 3. Determine o(5).
-12
Let g(t) = -t**2 - 6*t + 5. Determine g(-8).
-11
Let r(w) = 2*w**2 - 25*w + 22. Calculate r(11).
-11
Let o(z) = -z**3 - 11*z**2 + 14*z + 26. Calculate o(-12).
2
Let i(q) = -q**2 - 52*q + 4. Determine i(-52).
4
Let f(p) = 2*p**2 + 7*p - 89. Determine f(-9).
10
Let o(s) = -9*s**3 + 3*s**2 + s - 3. Calculate o(1).
-8
Let u(q) = 4*q + 17. Determine u(-5).
-3
Let c(d) = -d**2 - 40*d - 40. Calculate c(-1).
-1
Let v(c) = 6*c + 9. Determine v(-6).
-27
Let u(g) = -12*g + 1. What is u(-1)?
13
Let n(j) = 8*j - 3. Calculate n(3).
21
Let k(v) = v**2 - 8*v + 9. Calculate k(5).
-6
Let c(l) = -l**3 + 8*l**2 - 7*l + 4. What is c(